{"id":21,"date":"2019-12-02T11:23:14","date_gmt":"2019-12-02T08:23:14","guid":{"rendered":"https:\/\/egeperinatoloji.org\/?page_id=21"},"modified":"2019-12-02T11:23:14","modified_gmt":"2019-12-02T08:23:14","slug":"hakkimizda","status":"publish","type":"page","link":"https:\/\/egeperinatoloji.org\/?page_id=21","title":{"rendered":"Hakk\u0131m\u0131zda"},"content":{"rendered":"\n<p> Ege Perinatoloji Derne\u011fi, 16 Aral\u0131k 1994 tarihinde Kad\u0131n Hastal\u0131klar\u0131 ve Do\u011fum Uzmanlar\u0131, Pediatri Uzmanlar\u0131 ve Genetik Uzmanlar\u0131nca multidisipliner bir anlay\u0131\u015fla kurulmu\u015f bir dernektir. Bu tarihten itibaren \u2018Olgu Sunumu Toplant\u0131lar\u0131\u2019, \u2018Bilimsel Toplant\u0131lar\u2019,\u00a0\u00a0\u2018Paneller\u2019 ve \u2018Kurslar\u2019 d\u00fczenlenmi\u015f, \u0130zmir ve Ege B\u00f6lgesi\u2019nde Perinatoloji alan\u0131nda ortak bilgi al\u0131\u015fveri\u015finin sa\u011flanmas\u0131, disiplinler aras\u0131 i\u015fbirli\u011finin geli\u015ftirilmesi ve bu alana ilgi duyan meslekta\u015flar\u0131m\u0131z\u0131n bilgi, g\u00f6rg\u00fc ve deneyiminin artt\u0131r\u0131lmas\u0131 i\u00e7in aral\u0131ks\u0131z \u00e7al\u0131\u015f\u0131lm\u0131\u015ft\u0131r. <\/p>\n","protected":false},"excerpt":{"rendered":"<p>Ege Perinatoloji Derne\u011fi, 16 Aral\u0131k 1994 tarihinde Kad\u0131n Hastal\u0131klar\u0131 ve Do\u011fum Uzmanlar\u0131, Pediatri Uzmanlar\u0131 ve Genetik Uzmanlar\u0131nca multidisipliner bir anlay\u0131\u015fla kurulmu\u015f bir dernektir. Bu tarihten itibaren \u2018Olgu Sunumu Toplant\u0131lar\u0131\u2019, \u2018Bilimsel Toplant\u0131lar\u2019,\u00a0\u00a0\u2018Paneller\u2019 ve \u2018Kurslar\u2019 d\u00fczenlenmi\u015f,&#46;&#46;&#46;<\/p>\n","protected":false},"author":1,"featured_media":0,"parent":0,"menu_order":0,"comment_status":"closed","ping_status":"closed","template":"","meta":{"footnotes":""},"class_list":["post-21","page","type-page","status-publish","hentry"],"_links":{"self":[{"href":"https:\/\/egeperinatoloji.org\/index.php?rest_route=\/wp\/v2\/pages\/21","targetHints":{"allow":["GET"]}}],"collection":[{"href":"https:\/\/egeperinatoloji.org\/index.php?rest_route=\/wp\/v2\/pages"}],"about":[{"href":"https:\/\/egeperinatoloji.org\/index.php?rest_route=\/wp\/v2\/types\/page"}],"author":[{"embeddable":true,"href":"https:\/\/egeperinatoloji.org\/index.php?rest_route=\/wp\/v2\/users\/1"}],"replies":[{"embeddable":true,"href":"https:\/\/egeperinatoloji.org\/index.php?rest_route=%2Fwp%2Fv2%2Fcomments&post=21"}],"version-history":[{"count":1,"href":"https:\/\/egeperinatoloji.org\/index.php?rest_route=\/wp\/v2\/pages\/21\/revisions"}],"predecessor-version":[{"id":1143,"href":"https:\/\/egeperinatoloji.org\/index.php?rest_route=\/wp\/v2\/pages\/21\/revisions\/1143"}],"wp:attachment":[{"href":"https:\/\/egeperinatoloji.org\/index.php?rest_route=%2Fwp%2Fv2%2Fmedia&parent=21"}],"curies":[{"name":"wp","href":"https:\/\/api.w.org\/{rel}","templated":true}]}}